 c(h) = w*k(h) - 5*d(h). Calculate c(-1).
9
Let k(n) be the third derivative of n**6/120 + n**5/12 - 5*n**4/24 + n**3 + 28*n**2. Determine k(-6).
0
Suppose -2*k = 2*a - 18, -k - 2*a - 3*a = -21. Let t = k - 2. Let m(s) = s**2 - 5*s - 2. Determine m(t).
-6
Let t(a) be the third derivative of a**6/120 + a**5/15 + 5*a**4/24 + a**3/3 - 36*a**2. Let o be -2*(2 - 1/2). Determine t(o).
-4
Let r(q) be the first derivative of -q**2/2 - 11. Let a be 1/(-4) - (-147)/28. Calculate r(a).
-5
Let w(v) = -19*v + 20*v - 5*v**2 + 2*v**2 + 1. Let s(b) be the third derivative of b**6/120 - b**5/20 - b**4/6 - b**3/6 - 2*b**2. Let t be s(4). Give w(t).
-3
Let m = 2 - 4. Let t(j) = j**2 + j - 4. Let g be t(-3). Let a(w) = 0*w + 2*w**3 + w + 2*w + 4*w**g. Determine a(m).
-6
Let j(p) = -p - 3. Let u(r) = -r - 3. Let y(s) = -2*j(s) + 3*u(s). Let q(k) = -k**3 - 5*k**2 + 2*k + 7. Let a be q(-5). What is y(a)?
0
Let o(m) = -m**2 - 6*m - 4. Let j = 6 - 11. What is o(j)?
1
Let t(k) be the third derivative of k**6/720 + 5*k**4/24 - k**2. Let d(z) be the second derivative of t(z). Calculate d(-7).
-7
Let f(i) = i**3 + 5*i**2 + 2*i + 3. Let h = -4 - -1. Let m = -2 + h. Give f(m).
-7
Let f(l) = l - 7. Suppose -a - 4*a + 40 = 0. Let g be f(a). Let k(o) be the second derivative of -5*o**3/3 + o**2/2 + 2*o. What is k(g)?
-9
Suppose -5*k + 62 + 8 = 0. Let v(w) = -k*w**3 - 2*w**2 + 7*w**3 + 3*w**2. Suppose -4*l = 6 - 10. What is v(l)?
-6
Let q = 14 - 11. Suppose 5*r = 4*x - 19, -q*r + x = -4*x + 14. Let v(d) = d**3 + 2*d**2 + 1. Calculate v(r).
-8
Let d be -5*3/(15/(-2)). Let o = d + 4. Let p(t) = -5*t + 12. Let c(h) = 4*h - 11. Let q(b) = 3*c(b) + 2*p(b). What is q(o)?
3
Let f(v) = -2*v - 7. Let p be f(-7). Suppose 0 = r - l - 14, -l = 2*r - 38 + p. Suppose -4*c - 17 = -2*a + 3*a, 3*c = -r. Let j(t) = t**2 - 3. Determine j(a).
6
Let u(t) be the third derivative of -3*t**6/40 + t**5/30 + t**4/12 + t**3/6 - 3*t**2. Give u(-1).
10
Let b(c) be the first derivative of c**2/2 - 12*c - 1. Let i be 154/28 - 1/(-2). Determine b(i).
-6
Let b(j) = -j**2 + j + 14. Let d(m) = m**2 - 13. Let n(g) = 6*b(g) + 7*d(g). Let r(h) = h**3 - 6*h**2 + 6*h + 1. Let c be r(4). Determine n(c).
0
Let n(v) be the first derivative of 3/2*v**2 - 3 + 0*v + v**3. Give n(-2).
6
Let m(i) be the first derivative of i**3/3 - 3*i**2 - 6*i + 17. What is m(5)?
-11
Let l(w) = -37*w - 2 + 38*w + w**3 + 8. What is l(0)?
6
Let v(f) = 4*f**2 - 25*f - 41. Let h(b) = b**2 - 6*b - 10. Let y(p) = 9*h(p) - 2*v(p). Determine y(6).
4
Let g(m) = -m. Suppose 4*o - o - 21 = 0. Let q = o - 5. Give g(q).
-2
Let w(m) = 7*m**2 - 2*m - 7. Let d(l) = l**2 - l - 1. Let j(f) = 6*d(f) - w(f). Let x be (-39)/26*8/3. Determine j(x).
1
Let m(z) = 2*z - 5. Let y be 4/(-1 + 1 + 1). Let i be m(y). Let b(w) = -w + 2. Give b(i).
-1
Let d(f) = -f + 4. Let t(o) = o - 3. Let m(n) = -3*d(n) - 4*t(n). Let z be 4 - (2 + (-13)/1). Suppose -z*x = -18*x - 12. Determine m(x).
4
Let r(f) = -2 + f**2 + 2 + 4*f. Let i(n) = -n**3 + 9*n**2 + 11*n - 10. Let m be i(10). Suppose -a + 4*v + 1 = m, -12 = 5*a - 5*v + 2*v. Give r(a).
-3
Let j(h) be the second derivative of h**4/12 - h**3/6 - h**2 - h + 6. What is j(-3)?
10
Let x(r) = -r**3 + 6*r**2 - r + 6. Let w be x(6). Let c(f) = -f**3 - f**2 - f - 8. Give c(w).
-8
Let x(b) = 2*b + 9. Suppose -4*u - 29 = 5*s, -4*u - 30 = -5*s - 11. Determine x(u).
-3
Let l be 19/(-3) - (-2)/6. Let t = -8 - l. Let c(w) = -3 + 3 - w. Give c(t).
2
Let n(y) = -y**2 - 5*y - 4. Suppose -r + 9 = -2*k, -2*r + r = 5*k + 33. Give n(k).
-10
Let k be (6/3)/(-2) - 4. Let p(j) = -3*j - 5 + 2 + 2*j + 0*j. Determine p(k).
2
Let m(v) = v**3 + 4*v**2 - v. Let p(h) = -3*h + 6. Let t(k) = 6*k - 13. Let n(x) = 7*p(x) + 3*t(x). Let q be n(2). What is m(q)?
12
Let j(a) be the first derivative of 2*a**3/3 - a**2 + 1. Let i be j(2). Let k(d) = -1. Let x(y) = -4*y + 9. Let r(u) = -3*k(u) - x(u). Calculate r(i).
10
Let m(h) be the second derivative of h**4/6 - h**3/6 - h. Let v = -60 + 40. Let c = 18 + v. Give m(c).
10
Suppose -5*a + 5 = -4*a. Let c = -5 + a. Let b(p) be the second derivative of p**3/6 + 5*p**2/2 + p. Give b(c).
5
Let i(x) = -x**2 - 3*x - 1. Let z(b) = 4*b - 1. Suppose -3*h + 0*h = -3*w + 12, 25 = 5*w. Let f be z(h). Let o = f - 6. Calculate i(o).
-1
Let n(q) be the first derivative of q**4/4 + 1. Suppose 3*c + 9 = -3*y, 2 = -y - 2*c - 3. Determine n(y).
-1
Let j(q) = 2*q**2 - 17*q + 7. Let b(y) = y**2 - 8*y + 3. Let v(r) = -5*b(r) + 2*j(r). Determine v(7).
-8
Let r(k) be the second derivative of k**5/20 - 5*k**4/12 + k**3/6 + 2*k**2 - 12*k. Give r(5).
9
Let k(j) = 7*j**2 + 14 - 18*j**2 + 10*j**2 + j. What is k(0)?
14
Let x(z) = -z**3 + 8*z**2 - 9*z + 10. Suppose -2*l + 25 = 5*a, -a + 0*l - 3*l - 8 = 0. Give x(a).
-4
Suppose d - 4 + 0 = -2*c, -2 = -d - c. Let r = d + -1. Let z(m) = -5*m**3 + m**2 - m - 1. What is z(r)?
6
Let m(l) = 7*l**3 + l**2. Suppose -3*s + s = -2. Suppose 3*t - 4 = -s. Determine m(t).
8
Let l(g) be the second derivative of g**3/3 - 7*g**2/2 + 3*g. Let c = 2 + -2. Suppose -j - v + 1 = c, -2*j = -6*j - 5*v. Determine l(j).
3
Let i(w) be the second derivative of -4*w**3/3 - 3*w**2/2 - 3*w - 4. Let o(d) = d**3 + 5*d**2 + d + 3. Let f be o(-5). Calculate i(f).
13
Let m(v) = v - 4. Let i(z) = 3*z - 69. Let g be i(23). What is m(g)?
-4
Let w be ((-3)/9)/((-1)/9). Let q(u) = 0*u**2 + 5 + 0*u**2 - 1 - u**3 + w*u**2. What is q(4)?
-12
Let r(d) = -16*d - 1. Let i = 89 - 88. Give r(i).
-17
Suppose 6 = -5*g + 2*g. Let d be (0 + 2/g)/1. Let m(j) = -2*j - 1 - 4*j**2 + j**2 + 4*j**2. Calculate m(d).
2
Suppose -v = -1 - 4. Let f(t) = -5*t**2 + 3*t**2 + 7 - 6*t - 2*t**2 + t**3. What is f(v)?
2
Let z(a) = -a**2 + 3*a + 3. Let d(y) = 1. Let l(f) = 3*d(f) - z(f). What is l(6)?
18
Let h(c) = 3*c**2 - 8. Let a be (14/(-4))/((-1)/(-2)). Let f = 4 - a. Let s(z) = 6*z**2 - 15. Let q(n) = f*h(n) - 6*s(n). Give q(-2).
-10
Let p(h) be the first derivative of h**4/4 - h**3 - 2*h**2 - 5*h + 19. What is p(4)?
-5
Suppose -2*y + y - 13 = -3*i, -10 = 5*y - 4*i. Let b be (-63)/(-12) + y/(-8). Let k(a) = a**2 - 6*a + 5. Determine k(b).
0
Let u(n) = 2 - n + 0*n + 0*n + 1. Suppose -f + 6*f - 25 = 0. Calculate u(f).
-2
Let o(x) = -1 + 3*x - 11*x + 3*x - 5*x. Calculate o(-1).
9
Let p(u) = -u**3 - 4*u**2 - 2. Let c = -34 - -50. Let o = 23 - 21. Suppose -w - o*w + 8 = 5*y, w = 3*y - c. Determine p(w).
-2
Let y = 28 - 34. Let f(b) = b + 7. What is f(y)?
1
Let j(g) = -3*g**2 - 3*g + 1. Let t(q) = -4*q**2 - 2*q + 1. Let z(s) = 2*j(s) - 3*t(s). Let f(h) = -3*h. Let y be f(-1). Suppose m + y = -2*m. What is z(m)?
5
Let n(s) = -s + 1. Suppose -6*u + 1 + 23 = 0. Give n(u).
-3
Let b(i) = -4*i**3 + i**2 - 2*i + 1. Let q = -4 + 6. Suppose -2*g - 3 = 5*h - 4*h, -12 = -2*h + 2*g. Let z be (-1*(h - 5))/q. Determine b(z).
-4
Let v(m) be the third derivative of 0*m - 1/12*m**4 + 2/3*m**3 + 0 - m**2 - 1/12*m**5 - 1/120*m**6. Determine v(-4).
-4
Let j(i) be the first derivative of 1/4*i**4 - i + 0*i**2 - 3 - 1/3*i**3. What is j(1)?
-1
Let s = -3 - -11. Let p = s + -13. Let t(q) = -q - 5. Let c(m) = m + 2. Let l(f) = p*c(f) - 2*t(f). What is l(1)?
-3
Let k(c) = 3*c**3 + 4*c**2 - c + 1. Let q(u) = u**3. Let i(m) = -k(m) + 4*q(m). Give i(4).
3
Let a(j) = 3*j + 11. Let i(k) = -4*k - 13. Let b(u) = -3*a(u) - 2*i(u). Give b(-8).
1
Let m(h) = 3*h + 5*h**3 - 2*h - 1 - 3*h - 2*h**2. Suppose 4 = -3*i + 1. Calculate m(i).
-6
Let o be 2 - -5 - (-2)/(-1). Suppose -12 = p - o*p. Let z(q) = -q**3 - 4*q. Let h(v) = -v**3 + v**2 - 1. Let u(g) = 2*h(g) - z(g). Give u(p).
1
Let z(h) = h**2 - 5*h + 4. Let k be 2*(1 + 4/8). Give z(k).
-2
Let n(s) = 2*s + 3. Suppose i + i = 0. Suppose i = m - 3*m - 8. Give n(m).
-5
Let i(p) = 5*p - 2. Let o(n) = -n**2 + 11*n - 3. Let a(b) = 5*i(b) - 2*o(b). Suppose 0 = -4*t + 20*t + 48. What is a(t)?
5
Let v(k) = 6*k**3 - k**2 - 3*k + 7. Let d(y) = 13*y**3 - 3*y**2 - 6*y + 15. Let w(t) = -4*d(t) + 9*v(t). Calculate w(-3).
-15
Let n(h) be the second derivative of -1/2*h**2 + 0 + 1/2*h**5 - 2*h - 1/12*h**4 + 1/3*h**3. What is n(1)?
10
Let y(d) = 14*d**3 + 2*d**2 - 1. Let w = 185 - 186. What is y(w)?
-13
Suppose 2*i + 30 = -2*i + r, -27 = 3*i - 3*r. Let b(a) = -a**2 - 7*a + 3. Let j be b(i). Let m = j - 4. Let p(f) = 5*f + 1. Determine p(m).
-4
Let b(r) be the first deri